Calculate the greatest common factor of 48045950 and 125.
25
What is the highest common factor of 14423361 and 204?
51
What is the highest common factor of 100175502 and 14504?
3626
What is the highest common factor of 18197622 and 216?
54
What is the greatest common divisor of 246043 and 315?
7
What is the highest common factor of 3 and 15116217?
3
Calculate the greatest common factor of 75481 and 3093573.
287
Calculate the highest common factor of 2774961 and 595.
119
What is the highest common factor of 1761924 and 84?
12
What is the greatest common factor of 5152 and 5667872?
224
Calculate the greatest common divisor of 28467945 and 11.
11
What is the greatest common factor of 216 and 19194867?
27
What is the greatest common factor of 65 and 8031751?
13
Calculate the highest common factor of 28930 and 5683430.
2630
Calculate the highest common divisor of 40566 and 6708.
6
Calculate the greatest common factor of 347 and 116455282.
347
What is the greatest common factor of 385857 and 3283242?
1383
Calculate the highest common divisor of 968240 and 5719.
133
What is the highest common divisor of 1337 and 6246082?
191
What is the greatest common divisor of 1680 and 112070?
70
Calculate the greatest common divisor of 4305 and 80835.
15
What is the highest common divisor of 88690 and 113295?
35
Calculate the greatest common divisor of 116234 and 92738.
178
Calculate the greatest common factor of 10094688 and 192.
96
What is the highest common divisor of 24871782 and 4?
2
What is the greatest common divisor of 123220 and 18194140?
2020
What is the greatest common divisor of 2307859 and 3560?
89
Calculate the highest common factor of 680535 and 22005.
135
Calculate the highest common divisor of 314184 and 6519.
159
Calculate the highest common factor of 32250 and 15135570.
1290
What is the greatest common factor of 245499 and 6420423?
4161
Calculate the greatest common factor of 33 and 876801.
3
Calculate the highest common divisor of 6641040 and 1720.
40
Calculate the highest common divisor of 452364308 and 1452.
484
Calculate the highest common divisor of 407 and 36610982.
37
What is the greatest common factor of 23 and 118038369?
23
What is the highest common factor of 243 and 1526885721?
81
What is the highest common divisor of 1002 and 22018282?
334
What is the highest common divisor of 6903143 and 2704?
169
Calculate the highest common factor of 2504 and 8632.
8
What is the greatest common factor of 44 and 7243786?
22
Calculate the highest common factor of 1407885 and 799.
47
Calculate the greatest common factor of 55180 and 313224.
124
What is the highest common divisor of 93408 and 132525519?
2919
Calculate the greatest common factor of 17195 and 211128.
19
What is the highest common factor of 2952 and 29736?
72
Calculate the highest common factor of 39 and 313901107.
13
What is the greatest common factor of 1533 and 436476782?
511
What is the greatest common factor of 17702571 and 23?
23
Calculate the highest common factor of 3200320 and 2055.
685
What is the greatest common divisor of 1069709 and 123272?
811
What is the highest common divisor of 3290 and 5459426?
658
Calculate the greatest common divisor of 1004875 and 3375.
125
Calculate the greatest common divisor of 1320 and 181795.
5
Calculate the greatest common factor of 22355454 and 1650.
66
Calculate the greatest common factor of 2648 and 31759781.
331
Calculate the greatest common divisor of 1730275463 and 149.
149
Calculate the greatest common factor of 175858212 and 13880.
1388
Calculate the greatest common divisor of 73916500 and 1029.
343
What is the highest common factor of 143 and 3254862?
13
Calculate the greatest common divisor of 36324 and 28800.
36
What is the highest common divisor of 877 and 134917680?
877
What is the greatest common divisor of 832524 and 471064?
2332
What is the greatest common factor of 12160840 and 40?
40
What is the highest common factor of 298809369 and 45?
9
What is the highest common divisor of 31 and 23186?
1
Calculate the highest common divisor of 4170 and 9952956.
834
Calculate the greatest common factor of 812 and 37365398.
406
What is the greatest common divisor of 38 and 208935989?
19
What is the greatest common divisor of 98623160 and 40?
40
Calculate the greatest common divisor of 40 and 12223950.
10
What is the highest common factor of 94072 and 1836542?
2138
What is the greatest common divisor of 1566098 and 990986?
1546
Calculate the highest common factor of 494717 and 1309.
17
Calculate the greatest common factor of 84146733 and 1287.
99
Calculate the greatest common factor of 3270093 and 17.
1
What is the greatest common divisor of 217 and 1652273?
7
Calculate the highest common factor of 29986 and 670.
2
What is the highest common divisor of 21885525 and 11610?
135
Calculate the highest common divisor of 18 and 1284978.
6
What is the highest common divisor of 93739 and 1?
1
Calculate the greatest common factor of 3941147 and 1134.
7
What is the highest common divisor of 80 and 89383540?
20
What is the highest common divisor of 1386 and 27366402?
42
Calculate the greatest common factor of 5558126 and 1316.
658
What is the greatest common factor of 149960265 and 59433?
5403
What is the greatest common divisor of 59583510 and 666?
18
Calculate the greatest common divisor of 71602 and 717.
1
What is the highest common divisor of 306 and 131848416?
18
What is the greatest common divisor of 3962106 and 172?
86
What is the highest common factor of 586228 and 1924?
148
Calculate the highest common factor of 133091 and 119.
7
What is the greatest common divisor of 3100 and 150412?
124
Calculate the greatest common factor of 5889 and 141255517.
1963
What is the greatest common factor of 60220 and 8140?
20
What is the highest common factor of 10 and 1262076730?
10
Calculate the greatest common factor of 5210912 and 168.
56
What is the highest common divisor of 30345 and 667352?
119
What is the greatest common divisor of 2477671 and 6027?
287
What is the greatest common divisor of 1613888 and 144?
16
What is the highest common divisor of 8409 and 140845144?
2803
What is the greatest common factor of 15160 and 80727?
379
Calculate the highest common factor of 13108 and 6371068.
116
What is the highest common divisor of 2 and 1105006?
2
What is the highest common divisor of 203352 and 1688?
8
What is the highest common factor of 35133741 and 9?
9
What is the highest common divisor of 458826506 and 366?
122
What is the highest common factor of 16127001 and 1416?
177
What is the greatest common factor of 61491 and 152337?
309
What is the highest common factor of 11988 and 25715?
37
What is the highest common divisor of 132168350 and 230?
230
What is the highest common divisor of 706752 and 261351?
3681
Calculate the greatest common factor of 38657409 and 42.
21
Calculate the highest common factor of 160 and 699136.
32
What is the highest common factor of 1965 and 12149595?
1965
What is the highest common factor of 54 and 78483114?
54
What is the highest common divisor of 254565 and 6255?
45
Calculate the highest common factor of 22 and 662800.
2
Calculate the greatest common divisor of 3385496 and 380.
76
What is the highest common factor of 22 and 14226047?
11
What is the highest common factor of 17055556 and 1904?
476
What is the greatest common divisor of 377625 and 401375?
2375
What is the highest common divisor of 9937072 and 107606?
622
Calculate the highest common factor of 44 and 158231909.
11
Calculate the highest common divisor of 15717819 and 1404.
39
What is the greatest common factor of 856006744 and 211?
211
Calculate the greatest common divisor of 4135 and 132181891.
827
What is the highest common divisor of 10419 and 64971978?
453
Calculate the highest common factor of 476 and 44285612.
476
Calculate the greatest common divisor of 76254 and 68736.
1074
Calculate the greatest common factor of 253 and 26620246.
23
Calculate the highest common divisor of 956244 and 12.
12
Calculate the greatest common factor of 318 and 745246038.
318
What is the greatest common factor of 9143897 and 7?
7
What is the greatest common factor of 38 and 1287349294?
38
What is the greatest common divisor of 425802 and 10967131?
5459
Calculate the hig